 5*h + 137. Suppose -o + x = o. What is the highest common divisor of 14 and o?
14
Let p be ((-3)/(-1))/(6 - (11 + -6)). What is the highest common factor of 81 and p?
3
Let x(o) = o + 45. Let z be x(31). Suppose -q = -0*q + 5*u - 104, -5*u = -2*q + 238. Calculate the greatest common factor of q and z.
38
Let u be (-4 - 15/(-3)) + (-17 - -20). Let y(j) = 2*j**3 - 6*j**2 + 4*j - 4. Let k be y(4). Calculate the greatest common divisor of u and k.
4
Let f(b) = b**3 + 47*b**2 - 9*b + 97. Let q be f(-47). Calculate the greatest common factor of q and 13.
13
Let p(m) = -m**3 - m**2 + 2*m. Let t be p(4). Let o(j) = j**3 - 2*j**2 + j - 6. Let x be o(6). Let g = t + x. Calculate the greatest common divisor of g and 18.
18
Let z(n) = -3*n**2 + 2*n + 5. Let f(s) = -3*s**2 + 2*s + 4. Let g(j) = -6*f(j) + 5*z(j). Let q be g(-2). Calculate the greatest common factor of 34 and q.
17
Suppose 3*g - 31 = 2. Let c be (-1)/6 + 2385/54. Calculate the greatest common divisor of c and g.
11
Let x = 24 + -11. Suppose 0 = -11*d + x*d - 6. Calculate the highest common divisor of d and 9.
3
Let q(f) = f**2 - 17*f + 81. Let u be q(8). What is the greatest common divisor of u and 2?
1
Let r = -65 - -69. Let l = -55 - -115. Let y = l + -32. What is the greatest common factor of r and y?
4
Suppose 2 = -4*n + 42. Let m = -51 + 81. Calculate the greatest common factor of m and n.
10
Suppose 16*z - 12584 + 2216 = 0. What is the greatest common divisor of z and 180?
36
Let j = 541 + -31. What is the highest common factor of 30 and j?
30
Let k = -10 + 16. Let c(b) = -b**2 - 5*b. Let s be c(-5). Let t = k + s. What is the greatest common divisor of 6 and t?
6
Let b(n) = -46*n + 26. Let w be b(-5). Calculate the highest common factor of 192 and w.
64
Let h = 18 + 37. What is the highest common factor of 77 and h?
11
Suppose 0 = 6*r + 239 + 1. Let w = r + 42. What is the highest common factor of w and 16?
2
Let t(d) = -d**3 + 4*d**2 - 2*d - 7. Let n be t(-3). Suppose 2*y - 68 = n. What is the greatest common factor of 5 and y?
5
Suppose 3*l = -2*l - 5. Let s be l*(-1)/1 + -1. Suppose g = -s*g + 10. Calculate the highest common divisor of g and 80.
10
Let n = -386 - -418. What is the highest common factor of 224 and n?
32
Let f = -152 - -304. Let d be 78/4 - (-2)/(-4). Calculate the highest common divisor of f and d.
19
Suppose -183 = 4*i + 41. Let r be 24/i + 185/7. What is the greatest common divisor of r and 39?
13
Suppose 3*c + q - 1045 = 0, 2*q - 314 = -c + 36. Calculate the greatest common factor of 12 and c.
12
Let x(j) = -j**3 + 6*j**2 + 6*j - 4. Let m be x(8). Let z = 129 + m. What is the highest common divisor of 5 and z?
5
Suppose -117*v = -127*v + 430. Calculate the greatest common divisor of 989 and v.
43
Suppose 26 = q + 7. Suppose q - 9 = 5*n. Calculate the highest common divisor of n and 1.
1
Let l be (-2)/(4/3)*-18. Let i = l - 21. Suppose -i*a + 30 = -90. Calculate the greatest common factor of a and 140.
20
Let m = -14 + 27. Let t = 31 - m. Suppose 24 = 4*d - 4*u, 2*d + 6*u - u = 33. What is the highest common divisor of d and t?
9
Let p = 79 - 55. Suppose -a + p = a. What is the greatest common factor of 12 and a?
12
Let g(z) = 2*z**2 - z - 7. Let v be 8*(-3)/12*-2. Let u be g(v). Let k be ((-1)/2)/((-3)/126). Calculate the highest common divisor of u and k.
21
Let y = -759 + 771. What is the highest common divisor of y and 12?
12
Let t be 4 - (3 + -19*8). Suppose t = 5*k - a, 54 = -k + 3*k + 2*a. What is the greatest common factor of 20 and k?
10
Let a = 3729 - 2625. Calculate the highest common divisor of a and 48.
48
Let z(o) = 2*o**2 + 2*o + 1. Let s be z(6). What is the highest common divisor of s and 34?
17
Let h be -4*1 - (-1 + (0 - -4)). Let w(g) = -g**3 - 8*g**2 - 9*g. Let v be w(h). Calculate the greatest common divisor of v and 28.
14
Let z be 4 + -8 - (-8 + 1). Suppose y + 2 = z. Let c be 85/(-20)*(y - 5). What is the highest common divisor of c and 34?
17
Suppose -u + 48 = y, -5*y = 4*u - 0*y - 195. Suppose 715 = 2*h - 5*g, 4*g = 3*h + 5*g - 1081. Calculate the greatest common factor of h and u.
45
Let l be (1 + -2)*2 + 6. Suppose -26*x - 8 = -60. Calculate the highest common factor of x and l.
2
Let n be 0/((-2)/2) - (-28)/4. Calculate the highest common factor of n and 35.
7
Let o be -64*-6*(-3)/(-24). Calculate the greatest common factor of 624 and o.
48
Let t = -1704 + 1738. Let p be 845/10 + 1/2. Calculate the highest common divisor of t and p.
17
Let p(m) be the second derivative of 2*m**3 - 37*m**2/2 - 16*m. Let n be p(5). What is the highest common divisor of 23 and n?
23
Let f(u) = -u + 119. Let q be f(19). Calculate the highest common factor of q and 100.
100
Suppose -37 = -2*l - s, l - 3*l + 40 = 4*s. Let c be (l - -3)*6/9. What is the greatest common divisor of 70 and c?
14
Let p(h) = -h**3 - 8*h**2 - 5*h - 26. Let s be p(-8). Suppose -5 + 47 = 3*z. Calculate the greatest common factor of s and z.
14
Suppose -5*z - 6*b + b = 195, 0 = -3*b - 6. Let x = -14 - z. Let c(t) = t**2 + 230. Let i be c(0). What is the greatest common divisor of i and x?
23
Suppose 0 = 35*h - 14*h - 46011. Suppose h = 9*w + 301. Calculate the greatest common factor of w and 42.
42
Let y = -213 + 249. What is the highest common divisor of 72 and y?
36
Let b be (-4 - -6)/(2/12). Let g = -3 + b. Suppose 3*t - 11 = -2*p, p - 4*p + g = -3*t. What is the highest common factor of p and 44?
4
Let j(c) = c**2 - 4*c + 21. Let i be 4/(-6) - 4/(-6). Let d be j(i). What is the highest common factor of d and 105?
21
Let a be (541/(-4))/((-11)/44). Suppose 2*g = 4*f + 356, 3*g + 3*f - 2*f = a. What is the greatest common divisor of 20 and g?
20
Let z = -65 + 137. Let j be 20*(-2 + (-36)/(-15)). What is the greatest common factor of z and j?
8
Suppose 4*h - 8 = 2*h. Suppose 7*d + 20 - 90 = 0. Calculate the greatest common factor of h and d.
2
Let r be 15/6 + (-2)/4. Suppose -25 = r*q + 3*q + 5*k, -5*q + k = 1. Let g be (-7)/(-7)*(q + 2). What is the greatest common divisor of 2 and g?
1
Suppose -5*g + 135 = -0*g. Let s(n) = n**3 + 12*n**2 + 7*n - 22. Let i be s(-10). Calculate the greatest common factor of i and g.
27
Let o be ((-11)/((-385)/30))/(1/7). Let j be o/9 - (-1040)/24. Calculate the highest common divisor of j and 33.
11
Let q(i) = i**2 - 9*i + 8. Let l = -13 - -18. Let z be q(l). Let d be z/(-2 + -1) - 1. Calculate the greatest common factor of d and 21.
3
Suppose 28*a = 27*a - 47. Let m = 49 + a. What is the highest common divisor of 26 and m?
2
Suppose q + 5 = -2*a, 0 = -10*q + 11*q + 3*a + 9. What is the greatest common factor of 81 and q?
3
Let a = 197 - 77. Suppose 0 = -102*l + 108*l - 90. Calculate the greatest common divisor of a and l.
15
Suppose 486 = 16*i - 14*i + 5*v, 249 = i + v. Calculate the highest common factor of i and 23.
23
Let y(m) = -12*m**2 + 2*m + 18*m**2 + 1 - 8. Let p be y(-4). Suppose -3*h - 18 = -5*h. What is the greatest common factor of p and h?
9
Let f = 9 + -7. Suppose z - 3*q = 13, -f*z - q + 70 = 4*q. Suppose -5*m + z = 0, -16 = -5*c + 2*m + 4. What is the greatest common factor of c and 24?
6
Let r be (210/25)/(12/330). What is the greatest common divisor of r and 66?
33
Let w(p) = -p**2 + 31*p - 124. Let q be w(17). What is the greatest common factor of q and 24?
6
Suppose 5*v = -47 - 193. Let j = 55 + v. Calculate the greatest common factor of j and 21.
7
Let z be (-119)/34*-2*1. Calculate the highest common divisor of 14 and z.
7
Let d be (-10)/(-6) - 32/(-24). Suppose f - 2 = -2*y - 6, 33 = 3*f - d*y. Suppose k = -k + 4. Calculate the highest common divisor of k and f.
2
Suppose 2*u = -22*t + 17*t + 182, 0 = 2*u - 4*t - 200. What is the highest common factor of u and 84?
12
Let j(c) = -8*c + 9. Let d be j(11). Let b = 157 + d. Calculate the highest common divisor of 26 and b.
26
Suppose -4*q - 23 = 25. Let l be (q/1)/((-6)/9). What is the greatest common factor of 6 and l?
6
Suppose -5*n + 4*x + 5 = -19, -2*x = 2. Let f be (112/(-21) + n)/((-2)/141). What is the highest common factor of f and 47?
47
Suppose -12*q + 2720 = 22*q. Calculate the highest common factor of 120 and q.
40
Let r = 855 - 374. Calculate the greatest common factor of 13 and r.
13
Suppose -a - 104 = -g, -3*g - 4*a = g - 448. What is the greatest common divi